{"id":5640,"date":"2025-09-22T14:05:37","date_gmt":"2025-09-22T12:05:37","guid":{"rendered":"https:\/\/dco-ev.de\/cms\/?page_id=5640"},"modified":"2025-09-22T14:10:39","modified_gmt":"2025-09-22T12:10:39","slug":"dco-national-team-2025","status":"publish","type":"page","link":"https:\/\/dco-ev.de\/cms\/dco-national-team-2025\/","title":{"rendered":"DCO National Team 2025"},"content":{"rendered":"\n<div class=\"wp-block-stackable-heading stk-block-heading stk-block-heading--v2 stk-block stk-86fc3e0\" id=\"dco-nationalmannschaft-2025\" data-block-id=\"86fc3e0\"><h2 class=\"stk-block-heading__text\">DCO Nationalmannschaft 2025<\/h2><\/div>\n\n\n\n<p>Heute stellen wir euch jede Spielerin und jeden Spieler einzeln vor \u2013 mit ihren Erfolgen, 2025 und ein paar (Fun) Facts.<br>Herzlichen Gl\u00fcckwunsch an alle Nominierten \u2013 angef\u00fchrt vom Kapit\u00e4n Ren\u00e9 Schindler vertretet ihr die DCO und Deutschland auf internationaler B\u00fchne. Wir sind sehr stolz auf euch!<br><br>Today we&#8217;re introducing each player individually \u2013 with their 2025 achievements and a few (fun) facts.<br>Congratulations to all the nominees \u2013 led by captain Ren\u00e9 Schindler, you will represent the DCO and Germany on the international stage. We are very proud of you!<\/p>\n\n\n\n<div class=\"wp-block-stackable-horizontal-scroller stk-block-horizontal-scroller stk-block stk-b1ce715\" data-block-id=\"b1ce715\"><style>.stk-b1ce715-horizontal-scroller{--stk-snapping:center !important;}<\/style><div class=\"stk-row stk-inner-blocks has-text-align-center stk-block-content stk-content-align stk-b1ce715-horizontal-scroller\">\n<div class=\"wp-block-stackable-column stk-block-column stk-column stk-block stk-11d9b2e\" data-v=\"4\" data-block-id=\"11d9b2e\"><div class=\"stk-column-wrapper stk-block-column__content stk-container stk-11d9b2e-container stk--no-background stk--no-padding\"><div class=\"stk-block-content stk-inner-blocks stk-11d9b2e-inner-blocks\"><\/div><\/div><\/div>\n\n\n\n<div class=\"wp-block-stackable-column stk-block-column stk-column stk-block stk-9d6c456\" data-v=\"4\" data-block-id=\"9d6c456\"><div class=\"stk-column-wrapper stk-block-column__content stk-container stk-9d6c456-container stk--no-background stk--no-padding\"><div class=\"stk-block-content stk-inner-blocks stk-9d6c456-inner-blocks\">\n<div class=\"wp-block-stackable-image stk-block-image stk-block stk-a232d6d\" data-block-id=\"a232d6d\"><figure><span class=\"stk-img-wrapper stk-image--shape-stretch stk--has-lightbox\"><img loading=\"lazy\" decoding=\"async\" class=\"stk-img wp-image-5647\" src=\"https:\/\/dco-ev.de\/cms\/wp-content\/uploads\/2025\/09\/Schindler_Rene.jpg\" width=\"1080\" height=\"1350\" srcset=\"https:\/\/dco-ev.de\/cms\/wp-content\/uploads\/2025\/09\/Schindler_Rene.jpg 1080w, https:\/\/dco-ev.de\/cms\/wp-content\/uploads\/2025\/09\/Schindler_Rene-240x300.jpg 240w, https:\/\/dco-ev.de\/cms\/wp-content\/uploads\/2025\/09\/Schindler_Rene-819x1024.jpg 819w, https:\/\/dco-ev.de\/cms\/wp-content\/uploads\/2025\/09\/Schindler_Rene-768x960.jpg 768w\" sizes=\"auto, (max-width: 1080px) 100vw, 1080px\" \/><\/span><\/figure><\/div>\n<\/div><\/div><\/div>\n\n\n\n<div class=\"wp-block-stackable-column stk-block-column stk-column stk-block stk-590bfd7\" data-v=\"4\" data-block-id=\"590bfd7\"><div class=\"stk-column-wrapper stk-block-column__content stk-container stk-590bfd7-container stk--no-background stk--no-padding\"><div class=\"stk-block-content stk-inner-blocks stk-590bfd7-inner-blocks\"><\/div><\/div><\/div>\n<\/div><\/div>\n\n\n\n<div class=\"wp-block-stackable-horizontal-scroller stk-block-horizontal-scroller stk-block stk-27a9305\" data-block-id=\"27a9305\"><style>.stk-27a9305-horizontal-scroller{--stk-scrollbar-height:11px !important;--stk-scrollbar-height-firefox:auto !important;--stk-scrollbar-track-color:var(--theme-palette-color-5, #e1e8ed) !important;--stk-scrollbar-thumb-color:#ff6900 !important;}<\/style><div class=\"stk-row stk-inner-blocks has-text-align-center stk-block-content stk-content-align stk-27a9305-horizontal-scroller stk--with-scrollbar\">\n<div class=\"wp-block-stackable-column stk-block-column stk-column stk-block stk-b7537da\" data-v=\"4\" data-block-id=\"b7537da\"><div class=\"stk-column-wrapper stk-block-column__content stk-container stk-b7537da-container stk--no-background stk--no-padding\"><div class=\"stk-block-content stk-inner-blocks stk-b7537da-inner-blocks\">\n<div class=\"wp-block-stackable-image stk-block-image stk-block stk-c5c7986\" data-block-id=\"c5c7986\"><figure><span class=\"stk-img-wrapper stk-image--shape-stretch stk--has-lightbox\"><img loading=\"lazy\" decoding=\"async\" class=\"stk-img wp-image-5643\" src=\"https:\/\/dco-ev.de\/cms\/wp-content\/uploads\/2025\/09\/Bitz_Silke.jpg\" width=\"1080\" height=\"1350\" srcset=\"https:\/\/dco-ev.de\/cms\/wp-content\/uploads\/2025\/09\/Bitz_Silke.jpg 1080w, https:\/\/dco-ev.de\/cms\/wp-content\/uploads\/2025\/09\/Bitz_Silke-240x300.jpg 240w, https:\/\/dco-ev.de\/cms\/wp-content\/uploads\/2025\/09\/Bitz_Silke-819x1024.jpg 819w, https:\/\/dco-ev.de\/cms\/wp-content\/uploads\/2025\/09\/Bitz_Silke-768x960.jpg 768w\" sizes=\"auto, (max-width: 1080px) 100vw, 1080px\" \/><\/span><\/figure><\/div>\n<\/div><\/div><\/div>\n\n\n\n<div class=\"wp-block-stackable-column stk-block-column stk-column stk-block stk-483bc66\" data-v=\"4\" data-block-id=\"483bc66\"><div class=\"stk-column-wrapper stk-block-column__content stk-container stk-483bc66-container stk--no-background stk--no-padding\"><div class=\"stk-block-content stk-inner-blocks stk-483bc66-inner-blocks\">\n<div class=\"wp-block-stackable-image stk-block-image stk-block stk-81e198b\" data-block-id=\"81e198b\"><figure><span class=\"stk-img-wrapper stk-image--shape-stretch stk--has-lightbox\"><img loading=\"lazy\" decoding=\"async\" class=\"stk-img wp-image-5644\" src=\"https:\/\/dco-ev.de\/cms\/wp-content\/uploads\/2025\/09\/Blanke_Richard.jpg\" width=\"1080\" height=\"1350\" srcset=\"https:\/\/dco-ev.de\/cms\/wp-content\/uploads\/2025\/09\/Blanke_Richard.jpg 1080w, https:\/\/dco-ev.de\/cms\/wp-content\/uploads\/2025\/09\/Blanke_Richard-240x300.jpg 240w, https:\/\/dco-ev.de\/cms\/wp-content\/uploads\/2025\/09\/Blanke_Richard-819x1024.jpg 819w, https:\/\/dco-ev.de\/cms\/wp-content\/uploads\/2025\/09\/Blanke_Richard-768x960.jpg 768w\" sizes=\"auto, (max-width: 1080px) 100vw, 1080px\" \/><\/span><\/figure><\/div>\n<\/div><\/div><\/div>\n\n\n\n<div class=\"wp-block-stackable-column stk-block-column stk-column stk-block stk-c01234a\" data-v=\"4\" data-block-id=\"c01234a\"><div class=\"stk-column-wrapper stk-block-column__content stk-container stk-c01234a-container stk--no-background stk--no-padding\"><div class=\"stk-block-content stk-inner-blocks stk-c01234a-inner-blocks\">\n<div class=\"wp-block-stackable-image stk-block-image stk-block stk-2ad1da3\" data-block-id=\"2ad1da3\"><figure><span class=\"stk-img-wrapper stk-image--shape-stretch stk--has-lightbox\"><img loading=\"lazy\" decoding=\"async\" class=\"stk-img wp-image-5642\" src=\"https:\/\/dco-ev.de\/cms\/wp-content\/uploads\/2025\/09\/Beck_Stefan.jpg\" width=\"1080\" height=\"1350\" srcset=\"https:\/\/dco-ev.de\/cms\/wp-content\/uploads\/2025\/09\/Beck_Stefan.jpg 1080w, https:\/\/dco-ev.de\/cms\/wp-content\/uploads\/2025\/09\/Beck_Stefan-240x300.jpg 240w, https:\/\/dco-ev.de\/cms\/wp-content\/uploads\/2025\/09\/Beck_Stefan-819x1024.jpg 819w, https:\/\/dco-ev.de\/cms\/wp-content\/uploads\/2025\/09\/Beck_Stefan-768x960.jpg 768w\" sizes=\"auto, (max-width: 1080px) 100vw, 1080px\" \/><\/span><\/figure><\/div>\n<\/div><\/div><\/div>\n\n\n\n<div class=\"wp-block-stackable-column stk-block-column stk-column stk-block stk-dbd6f6c\" data-v=\"4\" data-block-id=\"dbd6f6c\"><div class=\"stk-column-wrapper stk-block-column__content stk-container stk-dbd6f6c-container stk--no-background stk--no-padding\"><div class=\"stk-block-content stk-inner-blocks stk-dbd6f6c-inner-blocks\">\n<div class=\"wp-block-stackable-image stk-block-image stk-block stk-7f13f82\" data-block-id=\"7f13f82\"><figure><span class=\"stk-img-wrapper stk-image--shape-stretch stk--has-lightbox\"><img loading=\"lazy\" decoding=\"async\" class=\"stk-img wp-image-5646\" src=\"https:\/\/dco-ev.de\/cms\/wp-content\/uploads\/2025\/09\/Roeder_von_Felix.jpg\" width=\"1080\" height=\"1350\" srcset=\"https:\/\/dco-ev.de\/cms\/wp-content\/uploads\/2025\/09\/Roeder_von_Felix.jpg 1080w, https:\/\/dco-ev.de\/cms\/wp-content\/uploads\/2025\/09\/Roeder_von_Felix-240x300.jpg 240w, https:\/\/dco-ev.de\/cms\/wp-content\/uploads\/2025\/09\/Roeder_von_Felix-819x1024.jpg 819w, https:\/\/dco-ev.de\/cms\/wp-content\/uploads\/2025\/09\/Roeder_von_Felix-768x960.jpg 768w\" sizes=\"auto, (max-width: 1080px) 100vw, 1080px\" \/><\/span><\/figure><\/div>\n<\/div><\/div><\/div>\n\n\n\n<div class=\"wp-block-stackable-column stk-block-column stk-column stk-block stk-961b4fd\" data-v=\"4\" data-block-id=\"961b4fd\"><div class=\"stk-column-wrapper stk-block-column__content stk-container stk-961b4fd-container stk--no-background stk--no-padding\"><div class=\"stk-block-content stk-inner-blocks stk-961b4fd-inner-blocks\">\n<div class=\"wp-block-stackable-image stk-block-image stk-block stk-1616dd6\" data-block-id=\"1616dd6\"><figure><span class=\"stk-img-wrapper stk-image--shape-stretch stk--has-lightbox\"><img loading=\"lazy\" decoding=\"async\" class=\"stk-img wp-image-5648\" src=\"https:\/\/dco-ev.de\/cms\/wp-content\/uploads\/2025\/09\/Soeder_Christian.jpg\" width=\"1080\" height=\"1350\" srcset=\"https:\/\/dco-ev.de\/cms\/wp-content\/uploads\/2025\/09\/Soeder_Christian.jpg 1080w, https:\/\/dco-ev.de\/cms\/wp-content\/uploads\/2025\/09\/Soeder_Christian-240x300.jpg 240w, https:\/\/dco-ev.de\/cms\/wp-content\/uploads\/2025\/09\/Soeder_Christian-819x1024.jpg 819w, https:\/\/dco-ev.de\/cms\/wp-content\/uploads\/2025\/09\/Soeder_Christian-768x960.jpg 768w\" sizes=\"auto, (max-width: 1080px) 100vw, 1080px\" \/><\/span><\/figure><\/div>\n<\/div><\/div><\/div>\n\n\n\n<div class=\"wp-block-stackable-column stk-block-column stk-column stk-block stk-f2ba83d\" data-v=\"4\" data-block-id=\"f2ba83d\"><div class=\"stk-column-wrapper stk-block-column__content stk-container stk-f2ba83d-container stk--no-background stk--no-padding\"><div class=\"stk-block-content stk-inner-blocks stk-f2ba83d-inner-blocks\">\n<div class=\"wp-block-stackable-image stk-block-image stk-block stk-269ee00\" data-block-id=\"269ee00\"><figure><span class=\"stk-img-wrapper stk-image--shape-stretch stk--has-lightbox\"><img loading=\"lazy\" decoding=\"async\" class=\"stk-img wp-image-5645\" src=\"https:\/\/dco-ev.de\/cms\/wp-content\/uploads\/2025\/09\/Lutz_Dirk.jpg\" width=\"1080\" height=\"1350\" srcset=\"https:\/\/dco-ev.de\/cms\/wp-content\/uploads\/2025\/09\/Lutz_Dirk.jpg 1080w, https:\/\/dco-ev.de\/cms\/wp-content\/uploads\/2025\/09\/Lutz_Dirk-240x300.jpg 240w, https:\/\/dco-ev.de\/cms\/wp-content\/uploads\/2025\/09\/Lutz_Dirk-819x1024.jpg 819w, https:\/\/dco-ev.de\/cms\/wp-content\/uploads\/2025\/09\/Lutz_Dirk-768x960.jpg 768w\" sizes=\"auto, (max-width: 1080px) 100vw, 1080px\" \/><\/span><\/figure><\/div>\n<\/div><\/div><\/div>\n<\/div><\/div>\n\n\n\n<p><\/p>\n","protected":false},"excerpt":{"rendered":"<p>DCO Nationalmannschaft 2025 Heute stellen wir euch jede Spielerin und jeden Spieler einzeln vor \u2013 mit ihren Erfolgen, 2025 und ein paar (Fun) Facts.Herzlichen Gl\u00fcckwunsch an alle Nominierten \u2013 angef\u00fchrt [&hellip;]<\/p>\n","protected":false},"author":1,"featured_media":0,"parent":0,"menu_order":0,"comment_status":"closed","ping_status":"closed","template":"","meta":{"footnotes":""},"class_list":["post-5640","page","type-page","status-publish","hentry"],"blocksy_meta":{"has_hero_section":"disabled","styles_descriptor":{"styles":{"desktop":"","tablet":"","mobile":""},"google_fonts":[],"version":6}},"featured_image_urls_v2":{"full":"","thumbnail":"","medium":"","medium_large":"","large":"","1536x1536":"","2048x2048":""},"post_excerpt_stackable_v2":"<p>DCO Nationalmannschaft 2025 Heute stellen wir euch jede Spielerin und jeden Spieler einzeln vor \u2013 mit ihren Erfolgen, 2025 und ein paar (Fun) Facts.Herzlichen Gl\u00fcckwunsch an alle Nominierten \u2013 angef\u00fchrt vom Kapit\u00e4n Ren\u00e9 Schindler vertretet ihr die DCO und Deutschland auf internationaler B\u00fchne. Wir sind sehr stolz auf euch!Today we&#8217;re introducing each player individually \u2013 with their 2025 achievements and a few (fun) facts.Congratulations to all the nominees \u2013 led by captain Ren\u00e9 Schindler, you will represent the DCO and Germany on the international stage. We are very proud of you!<\/p>\n","category_list_v2":"","author_info_v2":{"name":"DCO_Webmaster","url":"https:\/\/dco-ev.de\/cms\/author\/dco_webmaster\/"},"comments_num_v2":"0 comments","_links":{"self":[{"href":"https:\/\/dco-ev.de\/cms\/wp-json\/wp\/v2\/pages\/5640","targetHints":{"allow":["GET"]}}],"collection":[{"href":"https:\/\/dco-ev.de\/cms\/wp-json\/wp\/v2\/pages"}],"about":[{"href":"https:\/\/dco-ev.de\/cms\/wp-json\/wp\/v2\/types\/page"}],"author":[{"embeddable":true,"href":"https:\/\/dco-ev.de\/cms\/wp-json\/wp\/v2\/users\/1"}],"replies":[{"embeddable":true,"href":"https:\/\/dco-ev.de\/cms\/wp-json\/wp\/v2\/comments?post=5640"}],"version-history":[{"count":9,"href":"https:\/\/dco-ev.de\/cms\/wp-json\/wp\/v2\/pages\/5640\/revisions"}],"predecessor-version":[{"id":5658,"href":"https:\/\/dco-ev.de\/cms\/wp-json\/wp\/v2\/pages\/5640\/revisions\/5658"}],"wp:attachment":[{"href":"https:\/\/dco-ev.de\/cms\/wp-json\/wp\/v2\/media?parent=5640"}],"curies":[{"name":"wp","href":"https:\/\/api.w.org\/{rel}","templated":true}]}}