{"id":3309,"date":"2022-12-14T17:50:25","date_gmt":"2022-12-14T16:50:25","guid":{"rendered":"https:\/\/dco-ev.de\/cms\/?page_id=3309"},"modified":"2026-02-15T12:27:48","modified_gmt":"2026-02-15T11:27:48","slug":"ueber-uns","status":"publish","type":"page","link":"https:\/\/dco-ev.de\/cms\/ueber-uns\/","title":{"rendered":"Vorstand der DCO e.V."},"content":{"rendered":"\n<p>Am 08. Februar 2026 hat unsere Mitgliederversammlung die Weichen f\u00fcr die kommenden Jahre gestellt \u2013 und wir freuen uns sehr \u00fcber das gro\u00dfe Vertrauen unserer Community.<br>Wiedergew\u00e4hlt in ihren \u00c4mtern wurden:<br><br><\/p>\n\n\n\n<div class=\"wp-block-columns is-layout-flex wp-container-core-columns-is-layout-ec2e7a44 wp-block-columns-is-layout-flex\" style=\"padding-top:0;padding-bottom:0\">\n<div class=\"wp-block-column is-layout-flow wp-block-column-is-layout-flow\">\n<div class=\"wp-block-stackable-text stk-block-text stk-block stk-e076dd3\" data-block-id=\"e076dd3\"><p class=\"stk-block-text__text\"><br>Hendrik Kranz als Pr\u00e4sident<br>Ivan Britz als Vizepr\u00e4sident<br>Thomas Pernack als sportlicher Leiter<br>Bernd Stumm als IT-Beauftragter<br>Konrad Rein als Schriftf\u00fchrer<br><br>Neu im Vorstand begr\u00fc\u00dfen wir:<br>Stefan Wopen als Schatzmeister<br><br>Sowie:<br>Thomas Reichert<br>Dirk Lutz<br>Alexander N\u00f6bauer<\/p><\/div>\n<\/div>\n\n\n\n<div class=\"wp-block-column is-layout-flow wp-block-column-is-layout-flow\">\n<div class=\"wp-block-stackable-image stk-block-image stk-block stk-71c4a0c\" data-block-id=\"71c4a0c\"><style>.stk-71c4a0c .stk-img-wrapper{width:90% !important;}<\/style><figure><span class=\"stk-img-wrapper stk-image--shape-stretch stk--has-lightbox\"><img loading=\"lazy\" decoding=\"async\" class=\"stk-img wp-image-6193\" src=\"https:\/\/dco-ev.de\/cms\/wp-content\/uploads\/2026\/02\/Vorstand_opt.jpg\" width=\"1080\" height=\"1350\" srcset=\"https:\/\/dco-ev.de\/cms\/wp-content\/uploads\/2026\/02\/Vorstand_opt.jpg 1080w, https:\/\/dco-ev.de\/cms\/wp-content\/uploads\/2026\/02\/Vorstand_opt-240x300.jpg 240w, https:\/\/dco-ev.de\/cms\/wp-content\/uploads\/2026\/02\/Vorstand_opt-819x1024.jpg 819w, https:\/\/dco-ev.de\/cms\/wp-content\/uploads\/2026\/02\/Vorstand_opt-768x960.jpg 768w\" sizes=\"auto, (max-width: 1080px) 100vw, 1080px\" \/><\/span><\/figure><\/div>\n<\/div>\n<\/div>\n\n\n\n<p>Ebenfalls neu aufgestellt wurde unser Rechts- und Disziplinarausschuss. Den Vorsitz \u00fcbernimmt Reimund Lutz. Vielen Dank f\u00fcr die Bereitschaft, hier Verantwortung zu \u00fcbernehmen und die sportliche Integrit\u00e4t unserer Organisation weiter zu st\u00e4rken.<br>Die Kassenpr\u00fcfung \u00fcbernehmen k\u00fcnftig Felix von R\u00f6der und Marc Buschmann. Felix wurde in seinem Amt best\u00e4tigt, Marc neu gew\u00e4hlt.<\/p>\n\n\n\n<p>Stillstand ist R\u00fcckschritt, deswegen bringen neue Impulse frische Energie und Perspektiven in unsere Organisation.<br><br>Unser Ziel bleibt klar:<br>Cornhole in Deutschland weiter wachsen zu lassen, Strukturen zu professionalisieren, den Spielbetrieb zu st\u00e4rken und unsere Community noch enger zu vernetzen.<br>All das funktioniert nur mit euch \u2013 unserer Community. Spielerinnen und Spieler, Vereine, Helfer, Unterst\u00fctzer und Partner sind das Herz der DCO.<br>Vielen Dank f\u00fcr euer Vertrauen, eure Leidenschaft und euren Einsatz f\u00fcr unseren Sport. \ud83d\udcaa<br>Die Zukunft des Cornhole in Deutschland ist vielversprechend \u2013 und wir gestalten sie gemeinsam.<\/p>\n\n\n\n<div class=\"wp-block-stackable-image stk-block-image stk--hide-mobile has-text-align-center stk-block stk-56d34cb\" data-block-id=\"56d34cb\"><style>.stk-56d34cb .stk-img-wrapper{width:370px !important;height:50px !important;}<\/style><figure><span class=\"stk-img-wrapper stk-image--shape-stretch\"><img loading=\"lazy\" decoding=\"async\" class=\"stk-img wp-image-6072\" src=\"https:\/\/dco-ev.de\/cms\/wp-content\/uploads\/2026\/02\/MachEszuDeinemSpiel_opt.png\" width=\"500\" height=\"69\" srcset=\"https:\/\/dco-ev.de\/cms\/wp-content\/uploads\/2026\/02\/MachEszuDeinemSpiel_opt.png 500w, https:\/\/dco-ev.de\/cms\/wp-content\/uploads\/2026\/02\/MachEszuDeinemSpiel_opt-300x41.png 300w\" sizes=\"auto, (max-width: 500px) 100vw, 500px\" \/><\/span><\/figure><\/div>\n","protected":false},"excerpt":{"rendered":"<p>Am 08. Februar 2026 hat unsere Mitgliederversammlung die Weichen f\u00fcr die kommenden Jahre gestellt \u2013 und wir freuen uns sehr \u00fcber das gro\u00dfe Vertrauen unserer Community.Wiedergew\u00e4hlt in ihren \u00c4mtern wurden: [&hellip;]<\/p>\n","protected":false},"author":1,"featured_media":0,"parent":0,"menu_order":0,"comment_status":"closed","ping_status":"closed","template":"","meta":{"footnotes":""},"class_list":["post-3309","page","type-page","status-publish","hentry"],"blocksy_meta":{"page_title_panel":"","has_hero_section":"enabled","56b33d33d2990db706a0b8b56ee44638":"","hero_section":"type-1","hero_elements":[{"id":"custom_title","enabled":true,"heading_tag":"h1","title":"Startseite","__id":"xZLVMquC6SWGjZgnqiCqY"},{"id":"custom_description","enabled":false,"description_visibility":{"desktop":true,"tablet":true,"mobile":false},"__id":"rMoz4MYzlWZUH3l8czTRz"},{"id":"custom_meta","enabled":false,"meta_elements":[{"id":"author","enabled":true,"label":"Von","has_author_avatar":"yes","avatar_size":25},{"id":"post_date","enabled":true,"label":"Am","date_format_source":"default","date_format":"M j, Y"},{"id":"updated_date","enabled":false,"label":"Am","date_format_source":"default","date_format":"M j, Y"},{"id":"categories","enabled":false,"label":"In","style":"simple"},{"id":"comments","enabled":true}],"page_meta_elements":{"joined":true,"articles_count":true,"comments":true},"__id":"N327ZucV6mp4gpZKSo4Ye"},{"id":"breadcrumbs","enabled":false,"__id":"2xt4J9O1OYs-Kxcd6vY2J"}],"614f236069b4c2eba238d979de24f1cf":"","hero_alignment1":"CT_CSS_SKIP_RULE","hero_margin":40,"hero_alignment2":"center","hero_vertical_alignment":"center","d909ff3ba5be4ccdb3572089d9968135":"","hero_structure":"narrow","90762f4fc714d96de4fa379259575cf7":"","page_title_bg_type":"featured_image","custom_hero_background":{"attachment_id":null},"page_title_image_size":"full","parallax":{"desktop":false,"tablet":false,"mobile":false},"52a132d0815cf38642680ab89bad8614":"","hero_height":"250px","pageTitleFont":{"family":"Default","variation":"Default","size":"30px","line-height":"CT_CSS_SKIP_RULE","letter-spacing":"CT_CSS_SKIP_RULE","text-transform":"CT_CSS_SKIP_RULE","text-decoration":"CT_CSS_SKIP_RULE"},"pageTitleFontColor":{"default":{"color":"var(--theme-palette-color-4)"}},"pageMetaFont":{"family":"Default","variation":"n6","size":"12px","line-height":"1.3","letter-spacing":"CT_CSS_SKIP_RULE","text-transform":"uppercase","text-decoration":"CT_CSS_SKIP_RULE"},"pageMetaFontColor":{"default":{"color":"CT_CSS_SKIP_RULEDEFAULT"},"hover":{"color":"CT_CSS_SKIP_RULEDEFAULT"}},"page_meta_button_type_font_colors":{"default":{"color":"CT_CSS_SKIP_RULEDEFAULT"},"hover":{"color":"CT_CSS_SKIP_RULEDEFAULT"}},"page_meta_button_type_background_colors":{"default":{"color":"CT_CSS_SKIP_RULEDEFAULT"},"hover":{"color":"CT_CSS_SKIP_RULEDEFAULT"}},"pageExcerptFont":{"family":"Default","variation":"Default","size":"CT_CSS_SKIP_RULE","line-height":"CT_CSS_SKIP_RULE","letter-spacing":"CT_CSS_SKIP_RULE","text-transform":"CT_CSS_SKIP_RULE","text-decoration":"CT_CSS_SKIP_RULE"},"pageExcerptColor":{"default":{"color":"CT_CSS_SKIP_RULEDEFAULT"}},"breadcrumbsFont":{"family":"Default","variation":"Default","size":"CT_CSS_SKIP_RULE","line-height":"CT_CSS_SKIP_RULE","letter-spacing":"CT_CSS_SKIP_RULE","text-transform":"CT_CSS_SKIP_RULE","text-decoration":"CT_CSS_SKIP_RULE"},"breadcrumbsFontColor":{"default":{"color":"CT_CSS_SKIP_RULEDEFAULT"},"initial":{"color":"CT_CSS_SKIP_RULEDEFAULT"},"hover":{"color":"CT_CSS_SKIP_RULEDEFAULT"}},"pageTitleOverlay":{"background_type":"color","background_pattern":"type-1","background_image":{"attachment_id":null,"x":0,"y":0},"gradient":"linear-gradient(135deg,rgba(6,147,227,1) 0%,rgb(155,81,224) 100%)","background_repeat":"repeat","background_size":"auto","background_attachment":"scroll","patternColor":{"default":{"color":"#e5e7ea"}},"overlayColor":{"default":{"color":"CT_CSS_SKIP_RULE"}},"backgroundColor":{"default":{"color":"CT_CSS_SKIP_RULE"}}},"pageTitleBackground":{"background_type":"color","background_pattern":"type-1","background_image":{"attachment_id":null,"x":0,"y":0},"gradient":"linear-gradient(135deg,rgba(6,147,227,1) 0%,rgb(155,81,224) 100%)","background_repeat":"repeat","background_size":"auto","background_attachment":"scroll","patternColor":{"default":{"color":"#e5e7ea"}},"overlayColor":{"default":{"color":"CT_CSS_SKIP_RULE"}},"backgroundColor":{"default":{"color":"var(--theme-palette-color-6)"}}},"pageTitlePadding":{"top":"50px","bottom":"50px","left":"auto","right":"auto","linked":true},"8d1d502993057fe84111b6cea261d07f":"","page_structure_type":"type-1","7f15a1fbd3bb4f7ae217c7432953a08f":"","content_style_source":"inherit","content_style":"wide","vertical_spacing_source":"inherit","content_area_spacing":"both","background":{"background_type":"color","background_pattern":"type-1","background_image":{"attachment_id":null,"x":0,"y":0},"gradient":"linear-gradient(135deg,rgba(6,147,227,1) 0%,rgb(155,81,224) 100%)","background_repeat":"repeat","background_size":"auto","background_attachment":"scroll","patternColor":{"default":{"color":"#e5e7ea"}},"overlayColor":{"default":{"color":"CT_CSS_SKIP_RULE"}},"backgroundColor":{"default":{"color":"CT_CSS_SKIP_RULE"}}},"content_background":{"background_type":"color","background_pattern":"type-1","background_image":{"attachment_id":null,"x":0,"y":0},"gradient":"linear-gradient(135deg,rgba(6,147,227,1) 0%,rgb(155,81,224) 100%)","background_repeat":"repeat","background_size":"auto","background_attachment":"scroll","patternColor":{"default":{"color":"#e5e7ea"}},"overlayColor":{"default":{"color":"CT_CSS_SKIP_RULE"}},"backgroundColor":{"default":{"color":"var(--theme-palette-color-8)"}}},"content_boxed_shadow":{"inherit":false,"blur":18,"spread":-6,"v_offset":12,"h_offset":0,"inset":false,"enable":true,"color":{"color":"rgba(34, 56, 101, 0.04)"}},"content_boxed_border":{"width":1,"style":"none","color":{"color":"rgba(44,62,80,0.2)"}},"content_boxed_radius":{"top":"3px","bottom":"3px","left":"3px","right":"3px","linked":true},"boxed_content_spacing":{"desktop":{"top":"40px","bottom":"40px","left":"40px","right":"40px","linked":true},"tablet":{"top":"35px","bottom":"35px","left":"35px","right":"35px","linked":true},"mobile":{"top":"20px","bottom":"20px","left":"20px","right":"20px","linked":true}},"9741134b912868dadc83beb267e03495":"","disable_featured_image":"no","disable_share_box":"no","disable_header":"no","disable_footer":"no","fdb19362c8fad11b9d973e8aebaeae39":"","23a48ff7d63764de3ab2f4443c1e6914":"","d4f44ac2c8f24682f660c405fc334ae3":"","f7d1b98ed9b2f3c9fd31cf8b282e0ad7":"","bb455b33a2f1c7785b05aa7a9138f785":"","85e22f0aad4513d7737f1644e33292af":"","50097a3bde0f4d286449a0472f435a43":"","26d7cfc15505ebc5b6011a38064e5b0f":"","styles_descriptor":{"styles":{"desktop":"[data-prefix=\"single_page\"] .entry-header .page-title {--theme-font-size:30px;--theme-heading-color:var(--theme-palette-color-4);} [data-prefix=\"single_page\"] .entry-header .entry-meta {--theme-font-weight:600;--theme-text-transform:uppercase;--theme-font-size:12px;--theme-line-height:1.3;} [data-prefix=\"single_page\"] .hero-section[data-type=\"type-1\"] {--margin-bottom:40px;}","tablet":"","mobile":""},"google_fonts":{"Open Sans":["n5","n6"]},"version":6}},"featured_image_urls_v2":{"full":"","thumbnail":"","medium":"","medium_large":"","large":"","1536x1536":"","2048x2048":""},"post_excerpt_stackable_v2":"<p>Am 08. Februar 2026 hat unsere Mitgliederversammlung die Weichen f\u00fcr die kommenden Jahre gestellt \u2013 und wir freuen uns sehr \u00fcber das gro\u00dfe Vertrauen unserer Community.Wiedergew\u00e4hlt in ihren \u00c4mtern wurden: Hendrik Kranz als Pr\u00e4sidentIvan Britz als Vizepr\u00e4sidentThomas Pernack als sportlicher LeiterBernd Stumm als IT-BeauftragterKonrad Rein als Schriftf\u00fchrerNeu im Vorstand begr\u00fc\u00dfen wir:Stefan Wopen als SchatzmeisterSowie:Thomas ReichertDirk LutzAlexander N\u00f6bauer Ebenfalls neu aufgestellt wurde unser Rechts- und Disziplinarausschuss. Den Vorsitz \u00fcbernimmt Reimund Lutz. Vielen Dank f\u00fcr die Bereitschaft, hier Verantwortung zu \u00fcbernehmen und die sportliche Integrit\u00e4t unserer Organisation weiter zu st\u00e4rken.Die Kassenpr\u00fcfung \u00fcbernehmen k\u00fcnftig Felix von R\u00f6der und Marc Buschmann. Felix wurde in&hellip;<\/p>\n","category_list_v2":"","author_info_v2":{"name":"DCO_Webmaster","url":"https:\/\/dco-ev.de\/cms\/author\/dco_webmaster\/"},"comments_num_v2":"0 comments","_links":{"self":[{"href":"https:\/\/dco-ev.de\/cms\/wp-json\/wp\/v2\/pages\/3309","targetHints":{"allow":["GET"]}}],"collection":[{"href":"https:\/\/dco-ev.de\/cms\/wp-json\/wp\/v2\/pages"}],"about":[{"href":"https:\/\/dco-ev.de\/cms\/wp-json\/wp\/v2\/types\/page"}],"author":[{"embeddable":true,"href":"https:\/\/dco-ev.de\/cms\/wp-json\/wp\/v2\/users\/1"}],"replies":[{"embeddable":true,"href":"https:\/\/dco-ev.de\/cms\/wp-json\/wp\/v2\/comments?post=3309"}],"version-history":[{"count":10,"href":"https:\/\/dco-ev.de\/cms\/wp-json\/wp\/v2\/pages\/3309\/revisions"}],"predecessor-version":[{"id":6195,"href":"https:\/\/dco-ev.de\/cms\/wp-json\/wp\/v2\/pages\/3309\/revisions\/6195"}],"wp:attachment":[{"href":"https:\/\/dco-ev.de\/cms\/wp-json\/wp\/v2\/media?parent=3309"}],"curies":[{"name":"wp","href":"https:\/\/api.w.org\/{rel}","templated":true}]}}