{"id":3253,"date":"2022-12-10T15:43:27","date_gmt":"2022-12-10T14:43:27","guid":{"rendered":"https:\/\/dco-ev.de\/cms\/?page_id=3253"},"modified":"2025-11-20T11:26:48","modified_gmt":"2025-11-20T10:26:48","slug":"downloads","status":"publish","type":"page","link":"https:\/\/dco-ev.de\/cms\/downloads\/","title":{"rendered":"Downloads"},"content":{"rendered":"\n<div class=\"wp-block-stackable-text stk-block-text stk-block stk-925e016\" data-block-id=\"925e016\"><p class=\"stk-block-text__text\">An dieser Stelle findet Ihr wichtige Downloads der DCO, welche st\u00e4ndig aktualisiert werden.<\/p><\/div>\n\n\n\n<ul class=\"wp-block-list\">\n<li><a href=\"https:\/\/dco-ev.de\/cms\/wp-content\/uploads\/2023\/01\/Aufnahmeantrag-DCO.pdf\" target=\"_blank\" rel=\"noreferrer noopener\">Aufnahmeantrag f\u00fcr Vereine<\/a><\/li>\n\n\n\n<li><a href=\"https:\/\/dco-ev.de\/cms\/wp-content\/uploads\/2023\/10\/Beitragsordnung_15_09_23.pdf\" target=\"_blank\" rel=\"noreferrer noopener\">Beitragsordnung<\/a><\/li>\n\n\n\n<li><a href=\"https:\/\/dco-ev.de\/cms\/wp-content\/uploads\/2025\/11\/Mitgliederliste.xlsx\" target=\"_blank\" rel=\"noreferrer noopener\">Mitgliederliste Verein f\u00fcr DCO (Excel Datei)<\/a><\/li>\n\n\n\n<li><a href=\"https:\/\/dco-ev.de\/cms\/wp-content\/uploads\/2024\/02\/DCO-Regelwerk-lang.pdf\" target=\"_blank\" rel=\"noreferrer noopener\">Regelwerk der DCO (ausf\u00fchrlich)<\/a><\/li>\n\n\n\n<li><a href=\"https:\/\/dco-ev.de\/cms\/wp-content\/uploads\/2022\/12\/Spielregeln-kurzform.pdf\" target=\"_blank\" rel=\"noreferrer noopener\">Regelwerk der DCO (Kurzform)<\/a><\/li>\n\n\n\n<li><a href=\"https:\/\/dco-ev.de\/cms\/wp-content\/uploads\/2025\/11\/DCO-Regelwerk_2026.pdf\" target=\"_blank\" rel=\"noreferrer noopener\">Regelwerk der DCO (ab 01.01.2026)<\/a><\/li>\n\n\n\n<li><a href=\"https:\/\/dco-ev.de\/cms\/wp-content\/uploads\/2024\/09\/DCO-Turnierordnung.pdf\" data-type=\"link\" data-id=\"https:\/\/dco-ev.de\/cms\/wp-content\/uploads\/2024\/09\/DCO-Turnierordnung.pdf\" target=\"_blank\" rel=\"noreferrer noopener\">Turnierordnung der DCO<\/a><\/li>\n\n\n\n<li>Verbandssatzung (<a href=\"http:\/\/mailto;info@dco-ev.de\">gerne auf Anfrage<\/a>)<\/li>\n\n\n\n<li><a href=\"https:\/\/dco-ev.de\/cms\/wp-content\/uploads\/2025\/11\/Punktezaehler.pdf\" data-type=\"link\" data-id=\"https:\/\/dco-ev.de\/cms\/wp-content\/uploads\/2025\/11\/Punktezaehler.pdf\" target=\"_blank\" rel=\"noreferrer noopener\">Punktez\u00e4hler virtuelles Turnier<\/a><\/li>\n\n\n\n<li><a href=\"https:\/\/dco-ev.de\/cms\/wp-content\/uploads\/2025\/11\/Mannschaftsmeldebogen.pdf\" data-type=\"link\" data-id=\"https:\/\/dco-ev.de\/cms\/wp-content\/uploads\/2025\/11\/Mannschaftsmeldebogen.pdf\" target=\"_blank\" rel=\"noreferrer noopener\">Mannschaftsmeldebogen Bundesliga<\/a><\/li>\n\n\n\n<li><a href=\"https:\/\/dco-ev.de\/cms\/wp-content\/uploads\/2025\/10\/Mustersatzung-fuer-Conrhole-Gruppierungen.docx\" data-type=\"link\" data-id=\"https:\/\/dco-ev.de\/cms\/wp-content\/uploads\/2025\/10\/Mustersatzung-fuer-Conrhole-Gruppierungen.docx\" target=\"_blank\" rel=\"noreferrer noopener\">Mustersatzung f\u00fcr Cornhole Gruppierungen<\/a><\/li>\n<\/ul>\n\n\n\n<p><\/p>\n","protected":false},"excerpt":{"rendered":"<p>An dieser Stelle findet Ihr wichtige Downloads der DCO, welche st\u00e4ndig aktualisiert werden.<\/p>\n","protected":false},"author":1,"featured_media":0,"parent":0,"menu_order":0,"comment_status":"closed","ping_status":"closed","template":"","meta":{"footnotes":""},"class_list":["post-3253","page","type-page","status-publish","hentry"],"blocksy_meta":{"page_title_panel":"","has_hero_section":"enabled","3121e5b64f0cf6849e10f2d811f6a935":"","hero_section":"type-1","hero_elements":[{"id":"custom_title","enabled":true,"heading_tag":"h1","title":"Startseite","__id":"8d8wPgyV1QeXvTGbdafcr"},{"id":"custom_description","enabled":false,"description_visibility":{"desktop":true,"tablet":true,"mobile":false},"__id":"g3U4Ee4d8kge1b2dhM93U"},{"id":"custom_meta","enabled":false,"meta_elements":[{"id":"author","enabled":true,"label":"Von","has_author_avatar":"yes","avatar_size":25},{"id":"post_date","enabled":true,"label":"Am","date_format_source":"default","date_format":"M j, Y"},{"id":"updated_date","enabled":false,"label":"Am","date_format_source":"default","date_format":"M j, Y"},{"id":"categories","enabled":false,"label":"In","style":"simple"},{"id":"comments","enabled":true}],"page_meta_elements":{"joined":true,"articles_count":true,"comments":true},"__id":"yI47ikEwS5cdMcVbPkrcp"},{"id":"breadcrumbs","enabled":false,"__id":"wM9zYdCpgINKoNmVqcpBx"}],"bba0f24d8bdb89d5c9024361dcae7da6":"","hero_alignment1":{"0":"C","1":"T","2":"_","3":"C","4":"S","5":"S","6":"_","7":"S","8":"K","9":"I","10":"P","11":"_","12":"R","13":"U","14":"L","15":"E","desktop":"left","tablet":"left","mobile":"left","__changed":[]},"hero_margin":{"desktop":"30","tablet":"30","mobile":"30","__changed":[]},"hero_alignment2":"center","hero_vertical_alignment":"center","430d8173b0280ec9ea3c23357421c0f2":"","hero_structure":"narrow","cf08c9aa0136eae4ee1c4a3f113b3eb6":"","page_title_bg_type":"featured_image","custom_hero_background":{"attachment_id":null},"page_title_image_size":"full","parallax":{"desktop":false,"tablet":false,"mobile":false},"29955960773b2e1ae8a8e5f01b26479b":"","hero_height":"250px","pageTitleFont":{"family":"Default","variation":"Default","size":"30px","line-height":"CT_CSS_SKIP_RULE","letter-spacing":"CT_CSS_SKIP_RULE","text-transform":"CT_CSS_SKIP_RULE","text-decoration":"CT_CSS_SKIP_RULE"},"pageTitleFontColor":{"default":{"color":"var(--theme-palette-color-4)"}},"pageMetaFont":{"family":"Default","variation":"n6","size":"12px","line-height":"1.3","letter-spacing":"CT_CSS_SKIP_RULE","text-transform":"uppercase","text-decoration":"CT_CSS_SKIP_RULE"},"pageMetaFontColor":{"default":{"color":"CT_CSS_SKIP_RULEDEFAULT"},"hover":{"color":"CT_CSS_SKIP_RULEDEFAULT"}},"page_meta_button_type_font_colors":{"default":{"color":"CT_CSS_SKIP_RULEDEFAULT"},"hover":{"color":"CT_CSS_SKIP_RULEDEFAULT"}},"page_meta_button_type_background_colors":{"default":{"color":"CT_CSS_SKIP_RULEDEFAULT"},"hover":{"color":"CT_CSS_SKIP_RULEDEFAULT"}},"pageExcerptFont":{"family":"Default","variation":"Default","size":"CT_CSS_SKIP_RULE","line-height":"CT_CSS_SKIP_RULE","letter-spacing":"CT_CSS_SKIP_RULE","text-transform":"CT_CSS_SKIP_RULE","text-decoration":"CT_CSS_SKIP_RULE"},"pageExcerptColor":{"default":{"color":"CT_CSS_SKIP_RULEDEFAULT"}},"breadcrumbsFont":{"family":"Default","variation":"Default","size":"CT_CSS_SKIP_RULE","line-height":"CT_CSS_SKIP_RULE","letter-spacing":"CT_CSS_SKIP_RULE","text-transform":"CT_CSS_SKIP_RULE","text-decoration":"CT_CSS_SKIP_RULE"},"breadcrumbsFontColor":{"default":{"color":"CT_CSS_SKIP_RULEDEFAULT"},"initial":{"color":"CT_CSS_SKIP_RULEDEFAULT"},"hover":{"color":"CT_CSS_SKIP_RULEDEFAULT"}},"pageTitleOverlay":{"background_type":"color","background_pattern":"type-1","background_image":{"attachment_id":null,"x":0,"y":0},"gradient":"linear-gradient(135deg,rgba(6,147,227,1) 0%,rgb(155,81,224) 100%)","background_repeat":"repeat","background_size":"auto","background_attachment":"scroll","patternColor":{"default":{"color":"#e5e7ea"}},"overlayColor":{"default":{"color":"CT_CSS_SKIP_RULE"}},"backgroundColor":{"default":{"color":"CT_CSS_SKIP_RULE"}}},"pageTitleBackground":{"background_type":"color","background_pattern":"type-1","background_image":{"attachment_id":null,"x":0,"y":0},"gradient":"linear-gradient(135deg,rgba(6,147,227,1) 0%,rgb(155,81,224) 100%)","background_repeat":"repeat","background_size":"auto","background_attachment":"scroll","patternColor":{"default":{"color":"#e5e7ea"}},"overlayColor":{"default":{"color":"CT_CSS_SKIP_RULE"}},"backgroundColor":{"default":{"color":"var(--theme-palette-color-6)"}}},"pageTitlePadding":{"top":"50px","bottom":"50px","left":"auto","right":"auto","linked":true},"26c8e947c8817eb0b7ae7275af10360b":"","page_structure_type":"type-1","9aa317d7fa89da257e54954aae0f7bb0":"","content_style_source":"inherit","content_style":"wide","vertical_spacing_source":"custom","content_area_spacing":"top","background":{"background_type":"color","background_pattern":"type-1","background_image":{"attachment_id":null,"x":0,"y":0},"gradient":"linear-gradient(135deg,rgba(6,147,227,1) 0%,rgb(155,81,224) 100%)","background_repeat":"repeat","background_size":"auto","background_attachment":"scroll","patternColor":{"default":{"color":"#e5e7ea"}},"overlayColor":{"default":{"color":"CT_CSS_SKIP_RULE"}},"backgroundColor":{"default":{"color":"CT_CSS_SKIP_RULE"}}},"content_background":{"background_type":"color","background_pattern":"type-1","background_image":{"attachment_id":null,"x":0,"y":0},"gradient":"linear-gradient(135deg,rgba(6,147,227,1) 0%,rgb(155,81,224) 100%)","background_repeat":"repeat","background_size":"auto","background_attachment":"scroll","patternColor":{"default":{"color":"#e5e7ea"}},"overlayColor":{"default":{"color":"CT_CSS_SKIP_RULE"}},"backgroundColor":{"default":{"color":"var(--theme-palette-color-8)"}}},"content_boxed_shadow":{"inherit":false,"blur":18,"spread":-6,"v_offset":12,"h_offset":0,"inset":false,"enable":true,"color":{"color":"rgba(34, 56, 101, 0.04)"}},"content_boxed_border":{"width":1,"style":"none","color":{"color":"rgba(44,62,80,0.2)"}},"content_boxed_radius":{"top":"3px","bottom":"3px","left":"3px","right":"3px","linked":true},"boxed_content_spacing":{"desktop":{"top":"40px","bottom":"40px","left":"40px","right":"40px","linked":true},"tablet":{"top":"35px","bottom":"35px","left":"35px","right":"35px","linked":true},"mobile":{"top":"20px","bottom":"20px","left":"20px","right":"20px","linked":true}},"c78055fb54a091a18a061290ac3349af":"","disable_featured_image":"no","disable_share_box":"no","disable_header":"no","disable_footer":"no","acea1ab49c45147b26f6724400c1a84f":"","3a0513177dce14e7be28df7ea8b00071":"","fcca831b8f7b86660e4c9ae53ffdfd02":"","13df83f43c80bb54062203018a8845ad":"","186e383746b1acc361d0623a268aca26":"","c451435b7acb8ce9eda81472178af020":"","0f6e8027b6cc09cf3b78820dcab7c688":"","4c69b631cc442f6ea8325d109d2bf3d0":"","f3a71c545cc1a0a72c32e18eb8bab09e":"","6e390448d9eb8cb7c97891917b81cf75":"","a40d60e9152313ad0854716fdbbb4230":"","af660f064104ffe60d444ac9d5832f80":"","1eb1fee1d9a61b36d0c6a39f88422b78":"","cdaf056c7c397fc86de1d6a0a650e818":"","b69d0e9f6210bf670b7a12a65b6ca3d2":"","daa9f463ef4cfc6508f6a896efbae0d3":"","d80d6dd269119bf3cd06b7935bd56bfe":"","aa03bd1c7b9bba533cd839dcb0616137":"","f74b5e0b536f5997a897499f2224570d":"","c0ecae20c1a9f13ca3c9936191c64768":"","f910ace6b06396e470aca5bb25386d6c":"","c13a04537b9bc4d645288dc4a51735c1":"","a84bc8cfaaf451082cb5b8cbe0f24771":"","23db8547e041879e4fc176afb8beefba":"","f589ee9ff1e2e44068d26fabf09be037":"","c992093c715e19058f0449a819473926":"","89dbc5c9aea7affa12cd9b27fbe18f6e":"","805289d24444044c6dea78bbda3b299e":"","d80e6e3db556ecda3d9e9c1158cec79f":"","2d20adb0804ce8992b191976d62e289c":"","300f3de7b110baaa45cd0556a8df0be6":"","b5ff9b1aa1093d039f7da20f01584c54":"","8f5450d1e14b49591200f70619591848":"","ba2cb154236c1b8fa9ba6ae2691508ab":"","43a56edbf4b2a5a610fe34bcc6d49833":"","45506a63a23fdb0f3de033f755a9ad3a":"","4aaaca569013718acdd882b3aaf261be":"","31823fe1ae53ad2fe3b0d9561e82178b":"","35713e8ae14f1e5a8d568fb07db510dc":"","11a306e2366db9eab825ac4e54356899":"","styles_descriptor":{"styles":{"desktop":"[data-prefix=\"single_page\"] .entry-header .page-title {--theme-font-size:30px;--theme-heading-color:var(--theme-palette-color-4);} [data-prefix=\"single_page\"] .entry-header .entry-meta {--theme-font-weight:600;--theme-text-transform:uppercase;--theme-font-size:12px;--theme-line-height:1.3;} [data-prefix=\"single_page\"] .hero-section[data-type=\"type-1\"] {--alignment:left;--margin-bottom:30px;}","tablet":"","mobile":""},"google_fonts":{"Open Sans":["n5","n6"]},"version":6}},"featured_image_urls_v2":{"full":"","thumbnail":"","medium":"","medium_large":"","large":"","1536x1536":"","2048x2048":""},"post_excerpt_stackable_v2":"<p>An dieser Stelle findet Ihr wichtige Downloads der DCO, welche st\u00e4ndig aktualisiert werden. Aufnahmeantrag f\u00fcr Vereine Beitragsordnung Mitgliederliste Verein f\u00fcr DCO (Excel Datei) Regelwerk der DCO (ausf\u00fchrlich) Regelwerk der DCO (Kurzform) Regelwerk der DCO (ab 01.01.2026) Turnierordnung der DCO Verbandssatzung (gerne auf Anfrage) Punktez\u00e4hler virtuelles Turnier Mannschaftsmeldebogen Bundesliga Mustersatzung f\u00fcr Cornhole Gruppierungen<\/p>\n","category_list_v2":"","author_info_v2":{"name":"DCO_Webmaster","url":"https:\/\/dco-ev.de\/cms\/author\/dco_webmaster\/"},"comments_num_v2":"0 comments","_links":{"self":[{"href":"https:\/\/dco-ev.de\/cms\/wp-json\/wp\/v2\/pages\/3253","targetHints":{"allow":["GET"]}}],"collection":[{"href":"https:\/\/dco-ev.de\/cms\/wp-json\/wp\/v2\/pages"}],"about":[{"href":"https:\/\/dco-ev.de\/cms\/wp-json\/wp\/v2\/types\/page"}],"author":[{"embeddable":true,"href":"https:\/\/dco-ev.de\/cms\/wp-json\/wp\/v2\/users\/1"}],"replies":[{"embeddable":true,"href":"https:\/\/dco-ev.de\/cms\/wp-json\/wp\/v2\/comments?post=3253"}],"version-history":[{"count":10,"href":"https:\/\/dco-ev.de\/cms\/wp-json\/wp\/v2\/pages\/3253\/revisions"}],"predecessor-version":[{"id":5806,"href":"https:\/\/dco-ev.de\/cms\/wp-json\/wp\/v2\/pages\/3253\/revisions\/5806"}],"wp:attachment":[{"href":"https:\/\/dco-ev.de\/cms\/wp-json\/wp\/v2\/media?parent=3253"}],"curies":[{"name":"wp","href":"https:\/\/api.w.org\/{rel}","templated":true}]}}